0. Let p = -1785 + u. Is p composite?
False
Suppose -5*t + b + 14 + 13 = 0, -4*t + 3*b + 26 = 0. Suppose 2*r = t*r - 4263. Suppose -5*c - r + 14226 = 0. Is c prime?
False
Suppose 6617 - 1353 = -7*n. Let k be ((-106)/8 - 1)*n/6. Suppose 3*o = y - 893, 2*y - 4*y - 5*o = -k. Is y a composite number?
True
Let j(n) be the first derivative of 737*n**4/2 - 2*n**3/3 - n**2 - n + 11. Let r(w) = w**3 + w + 1. Let k(u) = -j(u) - 2*r(u). Is k(-1) a composite number?
True
Suppose 242*i = 67*i + 374569197 - 70314722. Is i prime?
False
Let x(k) = -4*k + 59. Let h be x(13). Suppose -3765 + 17639 = h*a. Is a a prime number?
False
Let v = 360840 - 208657. Is v a prime number?
True
Let q(b) = -b**2 - 7*b - 10. Let m be q(-5). Suppose m = -5*t - 12361 + 39546. Is t a composite number?
False
Let y(m) = 1155*m + 98. Let s be y(27). Suppose -s = -2*n + 1811. Is n prime?
True
Let t(b) = -b**3 - 13*b**2 + 3*b - 24. Let l be t(-14). Suppose -z = -l - 757. Is z a composite number?
False
Let s(h) = 12*h**2 + 11*h - 18. Let j be 4/(-32)*0 - (-60)/(-3). Is s(j) composite?
True
Suppose -4*f = 5*s - 26, 0 = -3*s - f + 4 + 6. Is ((-14622)/(s + 0))/(-3) a composite number?
False
Let b be ((-4)/(-18))/(8/72). Suppose -2*a = 2*o - 588, 0 = 4*o - b*a - 637 - 545. Is o prime?
False
Let l(x) = 1768*x**2 - 205*x - 8237. Is l(-44) composite?
False
Suppose -5975 = -5*q + 5*z, z - 2*z = -2. Let g(h) = 80*h + 284. Let x be g(-12). Let m = q + x. Is m composite?
False
Let v be (-11 + -1)*(-4 - 27/(-12)). Suppose v*y - 5902 = 114575. Is y a prime number?
True
Suppose -28*q + 14015601 - 6213251 = -8984686. Is q a prime number?
True
Suppose -22 = 10*v - 72. Suppose 25260 = v*t + b, 7*t + 3*b - 20219 = 3*t. Is t composite?
False
Let j be 48520/50 - (-6)/10. Suppose -5*d + 19686 = j. Let g = 5326 - d. Is g composite?
False
Let n be (-7)/21 - 1468/(-3). Let h be 4*(-2 - (-5 - 266)). Let f = h - n. Is f a prime number?
True
Let g(b) be the second derivative of 4*b - 2*b**2 + 0 + 25/6*b**3. Is g(1) prime?
False
Let g(r) = 10421*r + 1587. Is g(14) a prime number?
True
Let c(d) = 27*d**3 + 13*d**2 - 22*d - 21. Let q be c(9). Let v = -14122 + q. Is v a prime number?
False
Suppose -d = l - 24, 5*l + 31 = 2*d - 24. Suppose 3*f = -4*g + 1, -3*f - 2*f + d = -5*g. Is (-4540)/g*9/18 prime?
False
Let y(z) = 109*z**3 - 12*z**2 + 92*z + 137. Is y(16) prime?
True
Suppose -7*w = 3*g - 2*w - 46, -3*g - 4 = -5*w. Let x be (g + -1 - 3)*-102. Is (x/24)/(4/(-16)) a prime number?
False
Let j = -63340 + 92519. Is j composite?
False
Let t = -259 + 237. Let p(r) = 62*r**2 + 93*r - 21. Is p(t) prime?
True
Suppose -5*j + 692 + 3608 = 0. Suppose -5*d + 789 = 4*x - 61, -2*x = 5*d - j. Let p = 143 + d. Is p a composite number?
False
Let k be -1 + 796 - (7 - 8). Suppose -5*x + 5 = 5*d - 2*d, -4*d + 3*x - 3 = 0. Suppose -3*c - 3*a = -1176, -2*c + k = -d*c - 2*a. Is c a prime number?
False
Let p(m) = -675*m + 27. Let o(j) = j**3 - 8*j**2 + 2*j + 29. Let x be o(7). Let l be p(x). Let g = -2168 + l. Is g composite?
True
Let n be (274 + 352)*-2*554/(-8). Suppose 0 = 5*v + 2*c - n, -2*v + 40296 - 5624 = 5*c. Is v a prime number?
True
Let w = 181315 + -103152. Is w prime?
True
Suppose -4*w + 1 = z - 1, -w - z + 2 = 0. Suppose w = -x - 3*d + 451, -2*x + 376 = 2*d - 522. Suppose 0 = 4*a + 5*q - 259 - x, q + 1 = 0. Is a prime?
False
Is (3/(-15))/(59/(-2049365)) a prime number?
True
Is (-6)/33 + (0 - (-3421488)/22) a prime number?
False
Suppose -5*v + 559226 = -3*i, -5*i + 15 = 50. Is v composite?
True
Let k be 25/5*-2*4/(-8). Is (-18479)/(-5) + ((-9)/k - -1) a composite number?
True
Let g = 25 + -15. Suppose -3*p + g = -0*p + 2*f, 10 = p + 2*f. Suppose 2*l - 4*m - 2738 = p, -5*m = 4*l - 1277 - 4147. Is l composite?
False
Is (35578/4)/((-17)/(-170)) a prime number?
False
Let p be -1 - 2*9/(-6). Let s be (4/4)/((-10)/(-4) - p). Suppose -3*g + s*j + j = -468, -j + 2 = 0. Is g a composite number?
True
Suppose 10*r = -30 + 650. Suppose -r*v + 1137 = -59*v. Is v a composite number?
False
Let b = -849608 - -1224949. Is b composite?
False
Let j be 44/5 - 44/55. Let r(h) = -h**2 + 8*h + 3. Let w be r(j). Suppose 607 = w*l - 62. Is l a composite number?
False
Suppose 43*z + 70 = 48*z. Let g(n) = 373*n + 14. Let v be g(z). Let t = v + -3033. Is t composite?
False
Suppose 7*g + 17*g = 1023715 + 552533. Is g a composite number?
False
Let n = -7712 + 39505. Is n a composite number?
False
Suppose -w + 0*w = 0. Suppose 4*v - 33 = 5*z, -4*v + 4*z - z + 23 = 0. Suppose -4*f + 4*y + 828 = -w*y, -1007 = -5*f - v*y. Is f prime?
False
Let y be 33 + (-12)/126 + 57/(-63). Suppose y*q = 24*q + 14056. Is q prime?
False
Let a(k) = 419*k - 11. Let b(y) = -210*y + 5. Let s(u) = -6*a(u) - 11*b(u). Let l(h) = 205*h - 12. Let d(g) = 4*l(g) + 3*s(g). Is d(7) a composite number?
True
Let q(p) = 414*p**2 + 4*p - 148*p**2 + 258*p**2 + 1 + 294*p**2. Let o be (3 - 4) + 3 + -4. Is q(o) a composite number?
True
Let n be -2 + 4 + 2 - -266. Suppose -10814 = n*i - 272*i. Is i a composite number?
False
Let t = 19976 + 123159. Is t a composite number?
True
Let h = 895 + -892. Suppose h*n + 2*r = n + 39480, r - 98696 = -5*n. Is n prime?
True
Let h = 263 - 260. Suppose -h*g + 33146 = 4*d, g = -3*d + 2*g + 24853. Is d prime?
False
Suppose -3*j - 207703 + 656088 + 313318 = 0. Is j a prime number?
True
Let b = -3420 - -5849. Is b a prime number?
False
Let j be 5 + 21 - -2 - 0/1. Suppose s + j = 4*u - 2*s, -2*u + 14 = 3*s. Suppose -u*x + 2165 = -152. Is x prime?
True
Let a(o) = -o**2 - 15*o + 37. Let i be a(-17). Suppose -8076 - 4968 = -i*c. Suppose c = -7*u + 11*u. Is u a composite number?
False
Let l be -1 + 7 + -3 + 8. Suppose l = 6*x - 1. Suppose -i + u = -152, -u - u = x*i - 324. Is i a prime number?
True
Let k = -6222 + 10498. Let n = k + -3003. Let f = n - 14. Is f composite?
False
Let w be 153/2*(-1386)/(-27). Suppose l = 2*j + 8401, -w - 4486 = -l - 2*j. Is l a prime number?
False
Suppose -2*i + 3012 = x - 10425, -5*x = -4*i + 26867. Is i a prime number?
False
Is (-12)/22 - (9685085/(-550) - 18/60) composite?
False
Let b = -101 + 148. Let n = -48 + b. Is -1 + 3 + (83 - n) prime?
False
Is -9*(1118512/(-32) + -13) - (-5)/2 a composite number?
True
Let n be (-187 - 5 - 6) + -3*1. Let g = n - -1124. Is g prime?
False
Suppose -858 = -50*j - 208. Let w(h) = 58*h**2 - 88*h + 5. Is w(j) a prime number?
True
Suppose -37*v - 34 = -39*v. Is 5412/10 + v/(-85) prime?
True
Let z(r) be the second derivative of -172/3*r**3 + 24*r + 0 + 7/2*r**2. Is z(-5) a prime number?
False
Is 9/((-405)/(-30)) - 473390/(-6) a composite number?
True
Suppose 7*n + 219 - 205 = 0. Let d(g) = -1813*g**3 - g**2 + 6*g + 5. Is d(n) composite?
True
Let x be 4/16 + (-1)/4. Suppose 13 + 8 = 7*c. Suppose 4*a + 560 = c*q - a, x = q + 3*a - 182. Is q a prime number?
False
Let g(r) = -156*r - 8 + 12 - 19 - 27*r - 13. Is g(-25) composite?
False
Let q(p) = -1563*p - 43. Let v = 393 - 395. Is q(v) a prime number?
True
Let h(x) = x - 5. Suppose 4*k + 14*k = 36. Let v be h(k). Is (3*(v - -4))/(6/9382) prime?
True
Suppose 5*j - 1045263 = -3*x + 674701, 3*x + 21 = 0. Is j prime?
True
Suppose 0 = -4*d + 41 + 19. Suppose z - d*z = -103978. Is z a composite number?
True
Let c(t) = -168*t + 39. Let d(l) = 503*l - 116. Let p(v) = -11*c(v) - 4*d(v). Let a be p(-15). Suppose -2*m - a = -7*m. Is m a composite number?
False
Let u = -161 - -177. Suppose 0 = u*a - 383 - 3825. Is a a prime number?
True
Let c(t) = -6600*t - 3587. Is c(-37) prime?
False
Let y = 87 - 141. Let d be (y*(-7)/(-14))/(6/(-284)). Let a = d + -785. Is a a composite number?
True
Let v(l) = 1722*l - 845. Is v(22) a prime number?
True
Let w(i) be the first derivative of 7*i**3/3 + i**2/2 + 6*i + 21. Let f be w(-13). Is f/4 + (-4)/4 prime?
True
Let t = 22 - 5. Suppose -5*x + 23 = -t. Is (-13)/52 - (-5418)/x a prime number?
True
Let g(w) = -w**3 + 52. Let u be g(0). Let o = 56 - u. Suppose 3*n + 365 - 8 = 4*k, o*k - n - 351 = 0. Is k prime?
False
Suppose -2*h = -8, 3*j - 3*h = -0*h + 144. Suppose j*q - 58*q + 1506 = 0. Is q composite?
False
Let y(h) = 3*h + 1 - 2*h**2 + 0 - 1214*h**3 + 2 - 5. Is y(-3) composite?
False
Suppose 5*l - 426 = -3*f, 3*l + 3*f - 220 = 38. Let j = 6457 - 6457. Suppose j = 88*v - l*v - 2876. Is v composite?
False
Suppose 2*w + 33 = 13*w. Su